{"id":1778,"date":"2017-08-01T17:00:49","date_gmt":"2017-08-01T15:00:49","guid":{"rendered":"http:\/\/www.sick-stiftung.org\/?post_type=avada_portfolio&#038;p=1778"},"modified":"2019-04-30T08:50:13","modified_gmt":"2019-04-30T06:50:13","slug":"plus-mint-bundesweite-bildungsinitiative-zur-mint-talentfoerderung","status":"publish","type":"avada_portfolio","link":"https:\/\/www.sick-stiftung.org\/ges\/unsere projekte\/plus-mint-bundesweite-bildungsinitiative-zur-mint-talentfoerderung\/","title":{"rendered":"\u201eplus-MINT\u201c  \u2013 bundesweite Bildungsinitiative zur MINT-Talentf\u00f6rderung"},"content":{"rendered":"<p class=\"p1\"><b>Ein Projekt mit bundesweiter Strahlkraft verspricht die im Jahr 2016 gegr\u00fcndete Bildungsinitiative zur MINT-Talentf\u00f6rderung \u201eplus-MINT\u201c zu werden. \u201eplus-MINT\u201c ist eine bundesweite Initiative, die sich zum Ziel gesetzt hat, die besten MINT-Talente bereits in der Schulzeit zu f\u00f6rdern \u2013 und zwar in Leistungszentren wie im Fu\u00dfball, wo begabte junge Menschen bereits im Schulalter in Internaten in Deutschland unabh\u00e4ngig von deren sozialer Herkunft und Nationalit\u00e4t gef\u00f6rdert werden. Getragen wird die Initiative vom Verein zur MINT-Talentf\u00f6rderung e.V. Er ist ein bundesweiter Verbund von Pers\u00f6nlichkeiten, Institutionen und Unternehmen. Partner sind u.a. das Leibniz-Institut f\u00fcr P\u00e4dagogik der Naturwissenschaften und Mathematik aus Kiel, Die Familienunternehmer e. V.\/Die Jungen Unternehmer, die Siemens-Stiftung sowie der VDI. <\/b><!--more--><\/p>\n<p class=\"p1\">Um diese Talente an Schulorten zusammenzuf\u00fchren, soll in jedem Bundesland ein Internat mit MINT-Exzellenzprogramm f\u00fcr begabte Sch\u00fcler aufgebaut werden. Die ersten teilnehmenden Internate in Deutschland sind Louisenlund in Schleswig-Holstein, Sankt Afra in Sachsen und Birklehof in Hinterzarten. Es findet ein bundesweites Auswahlverfahren statt, bei dem sich die Sch\u00fclerinnen und Sch\u00fcler der Jahrgangsstufe 8 qualifizieren k\u00f6nnen. Sie werden dann an ausgew\u00e4hlten Internaten in diesem MINT-Exzellenzprogramm von der 9. Klasse an zum Abitur gef\u00fchrt.<\/p>\n<p class=\"p1\">Die Gisela und Erwin Sick Stiftung unterst\u00fctzt den Verein zur MINT-Talentf\u00f6rderung e.V. darin, ein bundesweites Programm zur Findung und F\u00f6rderung von Talenten im MINT-Bereich w\u00e4hrend der Schulzeit aufzubauen. Durch die F\u00f6rderung wird die Stiftung zugleich Mitglied in der Allianz des Programms \u201eplus-MINT\u201c, die sich in einem Lenkungskreis konstituiert, in dem die Initiative die strategische Entwicklung ber\u00e4t.<\/p>\n","protected":false},"excerpt":{"rendered":"<p>Ein Projekt mit bundesweiter Strahlkraft verspricht die im Jahr 2016 gegr\u00fcndete Bildungsinitiative zur MINT-Talentf\u00f6rderung \u201eplus-MINT\u201c zu werden. \u201eplus-MINT\u201c ist eine bundesweite Initiative, die sich zum Ziel gesetzt hat, die besten MINT-Talente bereits in der Schulzeit zu f\u00f6rdern \u2013 und zwar in Leistungszentren wie im Fu\u00dfball, wo begabte junge Menschen bereits im Schulalter in Internaten in [&hellip;]<\/p>\n","protected":false},"author":1,"featured_media":1044,"menu_order":0,"comment_status":"open","ping_status":"closed","template":"","format":"standard","meta":[],"portfolio_category":[33,12],"portfolio_skills":[],"portfolio_tags":[],"_links":{"self":[{"href":"https:\/\/www.sick-stiftung.org\/ges\/wp-json\/wp\/v2\/avada_portfolio\/1778"}],"collection":[{"href":"https:\/\/www.sick-stiftung.org\/ges\/wp-json\/wp\/v2\/avada_portfolio"}],"about":[{"href":"https:\/\/www.sick-stiftung.org\/ges\/wp-json\/wp\/v2\/types\/avada_portfolio"}],"author":[{"embeddable":true,"href":"https:\/\/www.sick-stiftung.org\/ges\/wp-json\/wp\/v2\/users\/1"}],"replies":[{"embeddable":true,"href":"https:\/\/www.sick-stiftung.org\/ges\/wp-json\/wp\/v2\/comments?post=1778"}],"version-history":[{"count":0,"href":"https:\/\/www.sick-stiftung.org\/ges\/wp-json\/wp\/v2\/avada_portfolio\/1778\/revisions"}],"wp:featuredmedia":[{"embeddable":true,"href":"https:\/\/www.sick-stiftung.org\/ges\/wp-json\/wp\/v2\/media\/1044"}],"wp:attachment":[{"href":"https:\/\/www.sick-stiftung.org\/ges\/wp-json\/wp\/v2\/media?parent=1778"}],"wp:term":[{"taxonomy":"portfolio_category","embeddable":true,"href":"https:\/\/www.sick-stiftung.org\/ges\/wp-json\/wp\/v2\/portfolio_category?post=1778"},{"taxonomy":"portfolio_skills","embeddable":true,"href":"https:\/\/www.sick-stiftung.org\/ges\/wp-json\/wp\/v2\/portfolio_skills?post=1778"},{"taxonomy":"portfolio_tags","embeddable":true,"href":"https:\/\/www.sick-stiftung.org\/ges\/wp-json\/wp\/v2\/portfolio_tags?post=1778"}],"curies":[{"name":"wp","href":"https:\/\/api.w.org\/{rel}","templated":true}]}}

„plus-MINT“  – bundesweite Bildungsinitiative zur MINT-Talentförderung

<p class="p1"><b>Ein Projekt mit bundesweiter Strahlkraft verspricht die im Jahr 2016 gegründete Bildungsinitiative zur MINT-Talentförderung „plus-MINT“ zu werden. „plus-MINT“ ist eine bundesweite Initiative, die sich zum Ziel gesetzt hat, die besten MINT-Talente bereits in der Schulzeit zu fördern – und zwar in Leistungszentren wie im Fußball, wo begabte junge Menschen bereits im Schulalter in Internaten in Deutschland unabhängig von deren sozialer Herkunft und Nationalität gefördert werden. Getragen wird die Initiative vom Verein zur MINT-Talentförderung e.V. Er ist ein bundesweiter Verbund von Persönlichkeiten, Institutionen und Unternehmen. Partner sind u.a. das Leibniz-Institut für Pädagogik der Naturwissenschaften und Mathematik aus Kiel, Die Familienunternehmer e. V./Die Jungen Unternehmer, die Siemens-Stiftung sowie der VDI. </b><!--more--></p>
<p class="p1">Um diese Talente an Schulorten zusammenzuführen, soll in jedem Bundesland ein Internat mit MINT-Exzellenzprogramm für begabte Schüler aufgebaut werden. Die ersten teilnehmenden Internate in Deutschland sind Louisenlund in Schleswig-Holstein, Sankt Afra in Sachsen und Birklehof in Hinterzarten. Es findet ein bundesweites Auswahlverfahren statt, bei dem sich die Schülerinnen und Schüler der Jahrgangsstufe 8 qualifizieren können. Sie werden dann an ausgewählten Internaten in diesem MINT-Exzellenzprogramm von der 9. Klasse an zum Abitur geführt.</p>
<p class="p1">Die Gisela und Erwin Sick Stiftung unterstützt den Verein zur MINT-Talentförderung e.V. darin, ein bundesweites Programm zur Findung und Förderung von Talenten im MINT-Bereich während der Schulzeit aufzubauen. Durch die Förderung wird die Stiftung zugleich Mitglied in der Allianz des Programms „plus-MINT“, die sich in einem Lenkungskreis konstituiert, in dem die Initiative die strategische Entwicklung berät.</p>

<p>Ein Projekt mit bundesweiter Strahlkraft verspricht die im Jahr 2016 gegründete Bildungsinitiative zur MINT-Talentförderung „plus-MINT“ zu werden. „plus-MINT“ ist eine bundesweite Initiative, die sich zum Ziel gesetzt hat, die besten MINT-Talente bereits in der Schulzeit zu fördern – und zwar in Leistungszentren wie im Fußball, wo begabte junge Menschen bereits im Schulalter in Internaten in [&hellip;]</p>
