{"id":1784,"date":"2017-08-01T16:00:48","date_gmt":"2017-08-01T14:00:48","guid":{"rendered":"http:\/\/www.sick-stiftung.org\/?post_type=avada_portfolio&#038;p=1784"},"modified":"2019-04-30T08:53:41","modified_gmt":"2019-04-30T06:53:41","slug":"plus-mint-am-birklehof-in-hinterzarten","status":"publish","type":"avada_portfolio","link":"https:\/\/www.sick-stiftung.org\/ges\/unsere projekte\/plus-mint-am-birklehof-in-hinterzarten\/","title":{"rendered":"\u201eplus-MINT\u201c am Birklehof in Hinterzarten"},"content":{"rendered":"<p class=\"p1\"><b>Die Gisela und Erwin Sick Stiftung war einer der ersten F\u00f6rderer des \u201eplus-MINT\u201c-Stipendiums, das zum Schuljahresbeginn 2017\/2018 am Birklehof in Hinterzarten startet. Aufgrund der Wirtschaftsstruktur im S\u00fcdwesten hat der Birklehof sein Programm unter das Motto \u201eSensorik, Signalverarbeitung, Simulation: wahrnehmen, analysieren, modellieren\u201c gestellt. Ab der Jahrgangsstufe 9 beinhaltet es zus\u00e4tzlich zum regul\u00e4ren Unterricht angebotene Module \u2013 unter anderem in den Bereichen Mathematik, Programmieren, Elektronik, Mikrocontroller und Mikroskopie.<\/b><\/p>\n<p class=\"p1\">Auch die Teilnehmer von \u201eplus-MINT\u201c am Birklehof kommen aus ganz Deutschland. Sie werden nach einer mehrt\u00e4gigen Auswahltagung, die durch den \u201eVerein zur MINT-Talentf\u00f6rderung\u201c durchgef\u00fchrt wird, benannt. Um grunds\u00e4tzlich allen Talenten den Zugang zu dieser exzellenten Ausbildung zu erm\u00f6glichen, erfolgt die Auswahl einkommensunabh\u00e4ngig (\u201eNeed-blind admission\u201c), eine finanzielle Eigenleistung der Eltern wird erst nach der Aufnahmeentscheidung vereinbart. Im Gegenzug bedeutet dies, dass die Kosten dieses intensiven Programms durch Stipendien refinanziert werden m\u00fcssen.<\/p>\n<p class=\"p1\">Die Gisela und Erwin Sick Stiftung f\u00f6rdert einen Sch\u00fcler f\u00fcr vier Jahre bis zum Abitur mit dem \u201eGisela und Erwin Sick plus-MINT Stipendium\u201c, das die Kosten f\u00fcr Unterricht, Verpflegung und Unterkunft tr\u00e4gt.<\/p>\n<h3 class=\"p1\"><span style=\"color: #000000;\">\u00dcber den Birklehof<\/span><\/h3>\n<p class=\"p1\">Das Gymnasium und Internat Schule Birklehof im Hochschwarzwald ist gemeinn\u00fctzig und staatlich anerkannt. Es wurde 1932 gegr\u00fcndet und ist mit ca. 130 Internatssch\u00fclerinnen und -sch\u00fclern sowie 65 Tagessch\u00fclerinnen und -sch\u00fclern aus den umliegenden Orten einerseits eine sehr famili\u00e4re Schule, andererseits eines der gr\u00f6\u00dften Internate in Baden-W\u00fcrttemberg.<\/p>\n\n\t\t<style type=\"text\/css\">\n\t\t\t#gallery-1 {\n\t\t\t\tmargin: auto;\n\t\t\t}\n\t\t\t#gallery-1 .gallery-item {\n\t\t\t\tfloat: left;\n\t\t\t\tmargin-top: 10px;\n\t\t\t\ttext-align: center;\n\t\t\t\twidth: 33%;\n\t\t\t}\n\t\t\t#gallery-1 img {\n\t\t\t\tborder: 2px solid #cfcfcf;\n\t\t\t}\n\t\t\t#gallery-1 .gallery-caption {\n\t\t\t\tmargin-left: 0;\n\t\t\t}\n\t\t\t\/* see gallery_shortcode() in wp-includes\/media.php *\/\n\t\t<\/style>\n\t\t<div id='gallery-1' class='gallery galleryid-1784 gallery-columns-3 gallery-size-thumbnail'><dl class='gallery-item'>\n\t\t\t<dt class='gallery-icon portrait'>\n\t\t\t\t<a data-rel=\"iLightbox[postimages]\" data-title=\"plus-MINT -Birklehof 1\" data-caption=\"\" href='https:\/\/www.sick-stiftung.org\/ges\/wp-content\/uploads\/2017\/06\/6057_Birklehof_Biologie_Sep15.jpg'><img width=\"400\" height=\"225\" src=\"https:\/\/www.sick-stiftung.org\/ges\/wp-content\/uploads\/2017\/06\/6057_Birklehof_Biologie_Sep15-400x225.jpg\" class=\"attachment-thumbnail size-thumbnail\" alt=\"\" \/><\/a>\n\t\t\t<\/dt><\/dl><dl class='gallery-item'>\n\t\t\t<dt class='gallery-icon landscape'>\n\t\t\t\t<a data-rel=\"iLightbox[postimages]\" data-title=\"plus-MINT -Birklehof 2\" data-caption=\"\" href='https:\/\/www.sick-stiftung.org\/ges\/wp-content\/uploads\/2017\/06\/Birklehof_plus-MINT_9329.jpg'><img width=\"400\" height=\"225\" src=\"https:\/\/www.sick-stiftung.org\/ges\/wp-content\/uploads\/2017\/06\/Birklehof_plus-MINT_9329-400x225.jpg\" class=\"attachment-thumbnail size-thumbnail\" alt=\"\" \/><\/a>\n\t\t\t<\/dt><\/dl><dl class='gallery-item'>\n\t\t\t<dt class='gallery-icon landscape'>\n\t\t\t\t<a data-rel=\"iLightbox[postimages]\" data-title=\"plus-MINT -Birklehof 4\" data-caption=\"\" href='https:\/\/www.sick-stiftung.org\/ges\/wp-content\/uploads\/2017\/06\/BIrklehof_plus-MINT_9348-1-e1502191701662.jpg'><img width=\"400\" height=\"225\" src=\"https:\/\/www.sick-stiftung.org\/ges\/wp-content\/uploads\/2017\/06\/BIrklehof_plus-MINT_9348-1-e1502191701662-400x225.jpg\" class=\"attachment-thumbnail size-thumbnail\" alt=\"\" srcset=\"https:\/\/www.sick-stiftung.org\/ges\/wp-content\/uploads\/2017\/06\/BIrklehof_plus-MINT_9348-1-e1502191701662-200x113.jpg 200w, https:\/\/www.sick-stiftung.org\/ges\/wp-content\/uploads\/2017\/06\/BIrklehof_plus-MINT_9348-1-e1502191701662-400x225.jpg 400w, https:\/\/www.sick-stiftung.org\/ges\/wp-content\/uploads\/2017\/06\/BIrklehof_plus-MINT_9348-1-e1502191701662-600x338.jpg 600w, https:\/\/www.sick-stiftung.org\/ges\/wp-content\/uploads\/2017\/06\/BIrklehof_plus-MINT_9348-1-e1502191701662-768x432.jpg 768w, https:\/\/www.sick-stiftung.org\/ges\/wp-content\/uploads\/2017\/06\/BIrklehof_plus-MINT_9348-1-e1502191701662-800x450.jpg 800w, https:\/\/www.sick-stiftung.org\/ges\/wp-content\/uploads\/2017\/06\/BIrklehof_plus-MINT_9348-1-e1502191701662-1024x576.jpg 1024w, https:\/\/www.sick-stiftung.org\/ges\/wp-content\/uploads\/2017\/06\/BIrklehof_plus-MINT_9348-1-e1502191701662.jpg 1200w\" sizes=\"(max-width: 400px) 100vw, 400px\" \/><\/a>\n\t\t\t<\/dt><\/dl><br style=\"clear: both\" \/>\n\t\t<\/div>\n\n","protected":false},"excerpt":{"rendered":"<p>Die Gisela und Erwin Sick Stiftung war einer der ersten F\u00f6rderer des \u201eplus-MINT\u201c-Stipendiums, das zum Schuljahresbeginn 2017\/2018 am Birklehof in Hinterzarten startet. Aufgrund der Wirtschaftsstruktur im S\u00fcdwesten hat der Birklehof sein Programm unter das Motto \u201eSensorik, Signalverarbeitung, Simulation: wahrnehmen, analysieren, modellieren\u201c gestellt. Ab der Jahrgangsstufe 9 beinhaltet es zus\u00e4tzlich zum regul\u00e4ren Unterricht angebotene Module \u2013 [&hellip;]<\/p>\n","protected":false},"author":1,"featured_media":1786,"menu_order":0,"comment_status":"open","ping_status":"closed","template":"","format":"image","meta":[],"portfolio_category":[33,12],"portfolio_skills":[],"portfolio_tags":[],"_links":{"self":[{"href":"https:\/\/www.sick-stiftung.org\/ges\/wp-json\/wp\/v2\/avada_portfolio\/1784"}],"collection":[{"href":"https:\/\/www.sick-stiftung.org\/ges\/wp-json\/wp\/v2\/avada_portfolio"}],"about":[{"href":"https:\/\/www.sick-stiftung.org\/ges\/wp-json\/wp\/v2\/types\/avada_portfolio"}],"author":[{"embeddable":true,"href":"https:\/\/www.sick-stiftung.org\/ges\/wp-json\/wp\/v2\/users\/1"}],"replies":[{"embeddable":true,"href":"https:\/\/www.sick-stiftung.org\/ges\/wp-json\/wp\/v2\/comments?post=1784"}],"version-history":[{"count":1,"href":"https:\/\/www.sick-stiftung.org\/ges\/wp-json\/wp\/v2\/avada_portfolio\/1784\/revisions"}],"predecessor-version":[{"id":3662,"href":"https:\/\/www.sick-stiftung.org\/ges\/wp-json\/wp\/v2\/avada_portfolio\/1784\/revisions\/3662"}],"wp:featuredmedia":[{"embeddable":true,"href":"https:\/\/www.sick-stiftung.org\/ges\/wp-json\/wp\/v2\/media\/1786"}],"wp:attachment":[{"href":"https:\/\/www.sick-stiftung.org\/ges\/wp-json\/wp\/v2\/media?parent=1784"}],"wp:term":[{"taxonomy":"portfolio_category","embeddable":true,"href":"https:\/\/www.sick-stiftung.org\/ges\/wp-json\/wp\/v2\/portfolio_category?post=1784"},{"taxonomy":"portfolio_skills","embeddable":true,"href":"https:\/\/www.sick-stiftung.org\/ges\/wp-json\/wp\/v2\/portfolio_skills?post=1784"},{"taxonomy":"portfolio_tags","embeddable":true,"href":"https:\/\/www.sick-stiftung.org\/ges\/wp-json\/wp\/v2\/portfolio_tags?post=1784"}],"curies":[{"name":"wp","href":"https:\/\/api.w.org\/{rel}","templated":true}]}}

<p class="p1"><b>Die Gisela und Erwin Sick Stiftung war einer der ersten Förderer des „plus-MINT“-Stipendiums, das zum Schuljahresbeginn 2017/2018 am Birklehof in Hinterzarten startet. Aufgrund der Wirtschaftsstruktur im Südwesten hat der Birklehof sein Programm unter das Motto „Sensorik, Signalverarbeitung, Simulation: wahrnehmen, analysieren, modellieren“ gestellt. Ab der Jahrgangsstufe 9 beinhaltet es zusätzlich zum regulären Unterricht angebotene Module – unter anderem in den Bereichen Mathematik, Programmieren, Elektronik, Mikrocontroller und Mikroskopie.</b></p>
<p class="p1">Auch die Teilnehmer von „plus-MINT“ am Birklehof kommen aus ganz Deutschland. Sie werden nach einer mehrtägigen Auswahltagung, die durch den „Verein zur MINT-Talentförderung“ durchgeführt wird, benannt. Um grundsätzlich allen Talenten den Zugang zu dieser exzellenten Ausbildung zu ermöglichen, erfolgt die Auswahl einkommensunabhängig („Need-blind admission“), eine finanzielle Eigenleistung der Eltern wird erst nach der Aufnahmeentscheidung vereinbart. Im Gegenzug bedeutet dies, dass die Kosten dieses intensiven Programms durch Stipendien refinanziert werden müssen.</p>
<p class="p1">Die Gisela und Erwin Sick Stiftung fördert einen Schüler für vier Jahre bis zum Abitur mit dem „Gisela und Erwin Sick plus-MINT Stipendium“, das die Kosten für Unterricht, Verpflegung und Unterkunft trägt.</p>
<h3 class="p1"><span style="color: #000000;">Über den Birklehof</span></h3>
<p class="p1">Das Gymnasium und Internat Schule Birklehof im Hochschwarzwald ist gemeinnützig und staatlich anerkannt. Es wurde 1932 gegründet und ist mit ca. 130 Internatsschülerinnen und -schülern sowie 65 Tagesschülerinnen und -schülern aus den umliegenden Orten einerseits eine sehr familiäre Schule, andererseits eines der größten Internate in Baden-Württemberg.</p>

		<style type="text/css">
			#gallery-1 {
				margin: auto;
			}
			#gallery-1 .gallery-item {
				float: left;
				margin-top: 10px;
				text-align: center;
				width: 33%;
			}
			#gallery-1 img {
				border: 2px solid #cfcfcf;
			}
			#gallery-1 .gallery-caption {
				margin-left: 0;
			}
			/* see gallery_shortcode() in wp-includes/media.php */
		</style>
		<div id='gallery-1' class='gallery galleryid-1784 gallery-columns-3 gallery-size-thumbnail'><dl class='gallery-item'>
			<dt class='gallery-icon portrait'>
				<a data-rel="iLightbox[postimages]" data-title="plus-MINT -Birklehof 1" data-caption="" href='https://www.sick-stiftung.org/ges/wp-content/uploads/2017/06/6057_Birklehof_Biologie_Sep15.jpg'><img width="400" height="225" src="https://www.sick-stiftung.org/ges/wp-content/uploads/2017/06/6057_Birklehof_Biologie_Sep15-400x225.jpg" class="attachment-thumbnail size-thumbnail" alt="" /></a>
			</dt></dl><dl class='gallery-item'>
			<dt class='gallery-icon landscape'>
				<a data-rel="iLightbox[postimages]" data-title="plus-MINT -Birklehof 2" data-caption="" href='https://www.sick-stiftung.org/ges/wp-content/uploads/2017/06/Birklehof_plus-MINT_9329.jpg'><img width="400" height="225" src="https://www.sick-stiftung.org/ges/wp-content/uploads/2017/06/Birklehof_plus-MINT_9329-400x225.jpg" class="attachment-thumbnail size-thumbnail" alt="" /></a>
			</dt></dl><dl class='gallery-item'>
			<dt class='gallery-icon landscape'>
				<a data-rel="iLightbox[postimages]" data-title="plus-MINT -Birklehof 4" data-caption="" href='https://www.sick-stiftung.org/ges/wp-content/uploads/2017/06/BIrklehof_plus-MINT_9348-1-e1502191701662.jpg'><img width="400" height="225" src="https://www.sick-stiftung.org/ges/wp-content/uploads/2017/06/BIrklehof_plus-MINT_9348-1-e1502191701662-400x225.jpg" class="attachment-thumbnail size-thumbnail" alt="" srcset="https://www.sick-stiftung.org/ges/wp-content/uploads/2017/06/BIrklehof_plus-MINT_9348-1-e1502191701662-200x113.jpg 200w, https://www.sick-stiftung.org/ges/wp-content/uploads/2017/06/BIrklehof_plus-MINT_9348-1-e1502191701662-400x225.jpg 400w, https://www.sick-stiftung.org/ges/wp-content/uploads/2017/06/BIrklehof_plus-MINT_9348-1-e1502191701662-600x338.jpg 600w, https://www.sick-stiftung.org/ges/wp-content/uploads/2017/06/BIrklehof_plus-MINT_9348-1-e1502191701662-768x432.jpg 768w, https://www.sick-stiftung.org/ges/wp-content/uploads/2017/06/BIrklehof_plus-MINT_9348-1-e1502191701662-800x450.jpg 800w, https://www.sick-stiftung.org/ges/wp-content/uploads/2017/06/BIrklehof_plus-MINT_9348-1-e1502191701662-1024x576.jpg 1024w, https://www.sick-stiftung.org/ges/wp-content/uploads/2017/06/BIrklehof_plus-MINT_9348-1-e1502191701662.jpg 1200w" sizes="(max-width: 400px) 100vw, 400px" /></a>
			</dt></dl><br style="clear: both" />
		</div>

<p>Die Gisela und Erwin Sick Stiftung war einer der ersten Förderer des „plus-MINT“-Stipendiums, das zum Schuljahresbeginn 2017/2018 am Birklehof in Hinterzarten startet. Aufgrund der Wirtschaftsstruktur im Südwesten hat der Birklehof sein Programm unter das Motto „Sensorik, Signalverarbeitung, Simulation: wahrnehmen, analysieren, modellieren“ gestellt. Ab der Jahrgangsstufe 9 beinhaltet es zusätzlich zum regulären Unterricht angebotene Module – [&hellip;]</p>
