{"id":2013,"date":"2017-08-01T16:10:31","date_gmt":"2017-08-01T14:10:31","guid":{"rendered":"http:\/\/www.sick-stiftung.org\/?post_type=avada_portfolio&#038;p=2013"},"modified":"2019-04-30T08:54:20","modified_gmt":"2019-04-30T06:54:20","slug":"neu-mobile-mathematikwerkstatt-mathe-erfahrbar-und-mobil","status":"publish","type":"avada_portfolio","link":"https:\/\/www.sick-stiftung.org\/ges\/unsere projekte\/neu-mobile-mathematikwerkstatt-mathe-erfahrbar-und-mobil\/","title":{"rendered":"Mobile Mathematikwerkstatt: Mathe &#8211; erfahrbar und mobil"},"content":{"rendered":"<p class=\"p1\"><b><span class=\"s1\">Im Juni 2017 wurde in Villingen in der Warenbergschule die erste von der Gisela und Erwin Sick Stiftung finanzierte Mathewerkstatt er\u00f6ffnet. Mit Unterst\u00fctzung der Stiftung k\u00f6nnen sich auch die Schulamtsbereiche Freiburg, Offenburg, L\u00f6rrach und Konstanz \u00fcber Materialien f\u00fcr Mathewerkst\u00e4tten freuen.<\/span><\/b><\/p>\n<p class=\"p1\">In der Mathewerkstatt stecken Lernmaterialien zu verschiedenen Themen des Mathematikunterrichts aus dem Bereich der Grundschule, die spielerisch und handelnd zu Inhalten der Mathematik f\u00fchren. Die Sch\u00fclerinnen und Sch\u00fcler finden Material zum Thema \u201eRaum und Form\u201c, \u201eZahlen und Operationen\u201c, \u201eGr\u00f6\u00dfen und Messen\u201c und \u201eWahrscheinlichkeitsrechnung\u201c. Das praktische Arbeiten weckt die Neugier und erleichtert damit den Zugang zum Fach Mathematik.<\/p>\n<p class=\"p1\"><span class=\"s1\">Aber nicht nur die Schulen, an denen die Mathewerkst\u00e4tten eingerichtet wurden, profitieren. Die Mathewerkstatt ist mobil und steht zur Ausleihe bereit. Damit die Lehrkr\u00e4fte die neue M\u00f6glichkeit kennenlernen k\u00f6nnen, werden Fortbildungen vom Schulamt angeboten. Sie bekommen mit der Mathematikwerkstatt eine Anlaufstelle f\u00fcr eine Vielfalt von Darstellungs- und Anschauungsmaterialien. Allein ein Materialpool reicht jedoch nicht aus. Didaktisches Wissen ist notwendig, um es zielf\u00fchrend f\u00fcr erfolgreiches Lernen einzusetzen. Deshalb wird die Mathematikwerkstatt eng mit der Fortbildung verkn\u00fcpft. Die Lehrkr\u00e4fte arbeiten mit den Materialien und erproben deren Einsatz im Unterricht. Die Materialien k\u00f6nnen dann f\u00fcr den eigenen Unterricht ausgeliehen werden. Dazu sind die Medien in Boxen sortiert, jeweils mit einem didaktischen Kommentar versehen.<\/span><\/p>\n<p class=\"p1\"><span class=\"s1\">Im Hinblick auf angestrebte Ver\u00e4nderungen im Fortbildungsbereich ist auch das Staatliche Seminar f\u00fcr Lehrerausbildung Rottweil in die Konzeption eingebunden. Dadurch erhalten Lehramtsanw\u00e4rterinnen und -anw\u00e4rter in der Ausbildungsphase die Gelegenheit, die Mathematikwerkstatt kennenzulernen und das Unterst\u00fctzungsangebot zu nutzen. Die Lehrbeauftragten haben die M\u00f6glichkeit, Lehrveranstaltungen mit dem Materialpool zu bereichern oder Veranstaltungen direkt in der Mathematikwerkstatt abzuhalten. Die Mathewerkstatt steht in unmittelbarem Bezug zum Orientierungsplan f\u00fcr Kindertageseinrichtungen, den Themen- und Kompetenzbereichen des Bildungsplans Mathematik f\u00fcr die Grundschule und des Sekundarbereichs I bis Jahrgangsstufe 6.<\/span><\/p>\n<p class=\"p1\"><span class=\"s1\">Und auch die Schulpsychologie und Beratungslehrkr\u00e4fte haben einen Nutzen von der Werkstatt. Sie k\u00f6nnen mithilfe der Aufgaben m\u00f6gliche Rechenschw\u00e4chen bei Kindern feststellen und Eltern, Sch\u00fclerinnen und Sch\u00fcler anschaulich beraten.<\/span><\/p>\n\n\t\t<style type=\"text\/css\">\n\t\t\t#gallery-1 {\n\t\t\t\tmargin: auto;\n\t\t\t}\n\t\t\t#gallery-1 .gallery-item {\n\t\t\t\tfloat: left;\n\t\t\t\tmargin-top: 10px;\n\t\t\t\ttext-align: center;\n\t\t\t\twidth: 33%;\n\t\t\t}\n\t\t\t#gallery-1 img {\n\t\t\t\tborder: 2px solid #cfcfcf;\n\t\t\t}\n\t\t\t#gallery-1 .gallery-caption {\n\t\t\t\tmargin-left: 0;\n\t\t\t}\n\t\t\t\/* see gallery_shortcode() in wp-includes\/media.php *\/\n\t\t<\/style>\n\t\t<div id='gallery-1' class='gallery galleryid-2013 gallery-columns-3 gallery-size-thumbnail'><dl class='gallery-item'>\n\t\t\t<dt class='gallery-icon portrait'>\n\t\t\t\t<a data-rel=\"iLightbox[postimages]\" data-title=\"Mathewerkstatt3\" data-caption=\"\" href='https:\/\/www.sick-stiftung.org\/ges\/wp-content\/uploads\/2017\/07\/Mathewerkstatt3.jpg'><img width=\"400\" height=\"225\" src=\"https:\/\/www.sick-stiftung.org\/ges\/wp-content\/uploads\/2017\/07\/Mathewerkstatt3-400x225.jpg\" class=\"attachment-thumbnail size-thumbnail\" alt=\"\" \/><\/a>\n\t\t\t<\/dt><\/dl><dl class='gallery-item'>\n\t\t\t<dt class='gallery-icon landscape'>\n\t\t\t\t<a data-rel=\"iLightbox[postimages]\" data-title=\"Mathewerkstatt2\" data-caption=\"\" href='https:\/\/www.sick-stiftung.org\/ges\/wp-content\/uploads\/2017\/07\/Mathewerkstatt2-e1502191252626.jpg'><img width=\"400\" height=\"225\" src=\"https:\/\/www.sick-stiftung.org\/ges\/wp-content\/uploads\/2017\/07\/Mathewerkstatt2-e1502191252626-400x225.jpg\" class=\"attachment-thumbnail size-thumbnail\" alt=\"\" srcset=\"https:\/\/www.sick-stiftung.org\/ges\/wp-content\/uploads\/2017\/07\/Mathewerkstatt2-e1502191252626-200x113.jpg 200w, https:\/\/www.sick-stiftung.org\/ges\/wp-content\/uploads\/2017\/07\/Mathewerkstatt2-e1502191252626-400x225.jpg 400w, https:\/\/www.sick-stiftung.org\/ges\/wp-content\/uploads\/2017\/07\/Mathewerkstatt2-e1502191252626-600x338.jpg 600w, https:\/\/www.sick-stiftung.org\/ges\/wp-content\/uploads\/2017\/07\/Mathewerkstatt2-e1502191252626-768x432.jpg 768w, https:\/\/www.sick-stiftung.org\/ges\/wp-content\/uploads\/2017\/07\/Mathewerkstatt2-e1502191252626-800x450.jpg 800w, https:\/\/www.sick-stiftung.org\/ges\/wp-content\/uploads\/2017\/07\/Mathewerkstatt2-e1502191252626-1024x576.jpg 1024w, https:\/\/www.sick-stiftung.org\/ges\/wp-content\/uploads\/2017\/07\/Mathewerkstatt2-e1502191252626.jpg 1200w\" sizes=\"(max-width: 400px) 100vw, 400px\" \/><\/a>\n\t\t\t<\/dt><\/dl><dl class='gallery-item'>\n\t\t\t<dt class='gallery-icon portrait'>\n\t\t\t\t<a data-rel=\"iLightbox[postimages]\" data-title=\"Mathewerkstatt1\" data-caption=\"\" href='https:\/\/www.sick-stiftung.org\/ges\/wp-content\/uploads\/2017\/07\/Mathewerkstatt1.jpg'><img width=\"400\" height=\"225\" src=\"https:\/\/www.sick-stiftung.org\/ges\/wp-content\/uploads\/2017\/07\/Mathewerkstatt1-400x225.jpg\" class=\"attachment-thumbnail size-thumbnail\" alt=\"\" \/><\/a>\n\t\t\t<\/dt><\/dl><br style=\"clear: both\" \/>\n\t\t<\/div>\n\n","protected":false},"excerpt":{"rendered":"<p>Im Juni 2017 wurde in Villingen in der Warenbergschule die erste von der Gisela und Erwin Sick Stiftung finanzierte Mathewerkstatt er\u00f6ffnet. Mit Unterst\u00fctzung der Stiftung k\u00f6nnen sich auch die Schulamtsbereiche Freiburg, Offenburg, L\u00f6rrach und Konstanz \u00fcber Materialien f\u00fcr Mathewerkst\u00e4tten freuen. In der Mathewerkstatt stecken Lernmaterialien zu verschiedenen Themen des Mathematikunterrichts aus dem Bereich der Grundschule, [&hellip;]<\/p>\n","protected":false},"author":1,"featured_media":2015,"menu_order":0,"comment_status":"open","ping_status":"closed","template":"","format":"standard","meta":[],"portfolio_category":[33,12],"portfolio_skills":[],"portfolio_tags":[35,34,36],"_links":{"self":[{"href":"https:\/\/www.sick-stiftung.org\/ges\/wp-json\/wp\/v2\/avada_portfolio\/2013"}],"collection":[{"href":"https:\/\/www.sick-stiftung.org\/ges\/wp-json\/wp\/v2\/avada_portfolio"}],"about":[{"href":"https:\/\/www.sick-stiftung.org\/ges\/wp-json\/wp\/v2\/types\/avada_portfolio"}],"author":[{"embeddable":true,"href":"https:\/\/www.sick-stiftung.org\/ges\/wp-json\/wp\/v2\/users\/1"}],"replies":[{"embeddable":true,"href":"https:\/\/www.sick-stiftung.org\/ges\/wp-json\/wp\/v2\/comments?post=2013"}],"version-history":[{"count":0,"href":"https:\/\/www.sick-stiftung.org\/ges\/wp-json\/wp\/v2\/avada_portfolio\/2013\/revisions"}],"wp:featuredmedia":[{"embeddable":true,"href":"https:\/\/www.sick-stiftung.org\/ges\/wp-json\/wp\/v2\/media\/2015"}],"wp:attachment":[{"href":"https:\/\/www.sick-stiftung.org\/ges\/wp-json\/wp\/v2\/media?parent=2013"}],"wp:term":[{"taxonomy":"portfolio_category","embeddable":true,"href":"https:\/\/www.sick-stiftung.org\/ges\/wp-json\/wp\/v2\/portfolio_category?post=2013"},{"taxonomy":"portfolio_skills","embeddable":true,"href":"https:\/\/www.sick-stiftung.org\/ges\/wp-json\/wp\/v2\/portfolio_skills?post=2013"},{"taxonomy":"portfolio_tags","embeddable":true,"href":"https:\/\/www.sick-stiftung.org\/ges\/wp-json\/wp\/v2\/portfolio_tags?post=2013"}],"curies":[{"name":"wp","href":"https:\/\/api.w.org\/{rel}","templated":true}]}}

<p class="p1"><b><span class="s1">Im Juni 2017 wurde in Villingen in der Warenbergschule die erste von der Gisela und Erwin Sick Stiftung finanzierte Mathewerkstatt eröffnet. Mit Unterstützung der Stiftung können sich auch die Schulamtsbereiche Freiburg, Offenburg, Lörrach und Konstanz über Materialien für Mathewerkstätten freuen.</span></b></p>
<p class="p1">In der Mathewerkstatt stecken Lernmaterialien zu verschiedenen Themen des Mathematikunterrichts aus dem Bereich der Grundschule, die spielerisch und handelnd zu Inhalten der Mathematik führen. Die Schülerinnen und Schüler finden Material zum Thema „Raum und Form“, „Zahlen und Operationen“, „Größen und Messen“ und „Wahrscheinlichkeitsrechnung“. Das praktische Arbeiten weckt die Neugier und erleichtert damit den Zugang zum Fach Mathematik.</p>
<p class="p1"><span class="s1">Aber nicht nur die Schulen, an denen die Mathewerkstätten eingerichtet wurden, profitieren. Die Mathewerkstatt ist mobil und steht zur Ausleihe bereit. Damit die Lehrkräfte die neue Möglichkeit kennenlernen können, werden Fortbildungen vom Schulamt angeboten. Sie bekommen mit der Mathematikwerkstatt eine Anlaufstelle für eine Vielfalt von Darstellungs- und Anschauungsmaterialien. Allein ein Materialpool reicht jedoch nicht aus. Didaktisches Wissen ist notwendig, um es zielführend für erfolgreiches Lernen einzusetzen. Deshalb wird die Mathematikwerkstatt eng mit der Fortbildung verknüpft. Die Lehrkräfte arbeiten mit den Materialien und erproben deren Einsatz im Unterricht. Die Materialien können dann für den eigenen Unterricht ausgeliehen werden. Dazu sind die Medien in Boxen sortiert, jeweils mit einem didaktischen Kommentar versehen.</span></p>
<p class="p1"><span class="s1">Im Hinblick auf angestrebte Veränderungen im Fortbildungsbereich ist auch das Staatliche Seminar für Lehrerausbildung Rottweil in die Konzeption eingebunden. Dadurch erhalten Lehramtsanwärterinnen und -anwärter in der Ausbildungsphase die Gelegenheit, die Mathematikwerkstatt kennenzulernen und das Unterstützungsangebot zu nutzen. Die Lehrbeauftragten haben die Möglichkeit, Lehrveranstaltungen mit dem Materialpool zu bereichern oder Veranstaltungen direkt in der Mathematikwerkstatt abzuhalten. Die Mathewerkstatt steht in unmittelbarem Bezug zum Orientierungsplan für Kindertageseinrichtungen, den Themen- und Kompetenzbereichen des Bildungsplans Mathematik für die Grundschule und des Sekundarbereichs I bis Jahrgangsstufe 6.</span></p>
<p class="p1"><span class="s1">Und auch die Schulpsychologie und Beratungslehrkräfte haben einen Nutzen von der Werkstatt. Sie können mithilfe der Aufgaben mögliche Rechenschwächen bei Kindern feststellen und Eltern, Schülerinnen und Schüler anschaulich beraten.</span></p>

		<style type="text/css">
			#gallery-1 {
				margin: auto;
			}
			#gallery-1 .gallery-item {
				float: left;
				margin-top: 10px;
				text-align: center;
				width: 33%;
			}
			#gallery-1 img {
				border: 2px solid #cfcfcf;
			}
			#gallery-1 .gallery-caption {
				margin-left: 0;
			}
			/* see gallery_shortcode() in wp-includes/media.php */
		</style>
		<div id='gallery-1' class='gallery galleryid-2013 gallery-columns-3 gallery-size-thumbnail'><dl class='gallery-item'>
			<dt class='gallery-icon portrait'>
				<a data-rel="iLightbox[postimages]" data-title="Mathewerkstatt3" data-caption="" href='https://www.sick-stiftung.org/ges/wp-content/uploads/2017/07/Mathewerkstatt3.jpg'><img width="400" height="225" src="https://www.sick-stiftung.org/ges/wp-content/uploads/2017/07/Mathewerkstatt3-400x225.jpg" class="attachment-thumbnail size-thumbnail" alt="" /></a>
			</dt></dl><dl class='gallery-item'>
			<dt class='gallery-icon landscape'>
				<a data-rel="iLightbox[postimages]" data-title="Mathewerkstatt2" data-caption="" href='https://www.sick-stiftung.org/ges/wp-content/uploads/2017/07/Mathewerkstatt2-e1502191252626.jpg'><img width="400" height="225" src="https://www.sick-stiftung.org/ges/wp-content/uploads/2017/07/Mathewerkstatt2-e1502191252626-400x225.jpg" class="attachment-thumbnail size-thumbnail" alt="" srcset="https://www.sick-stiftung.org/ges/wp-content/uploads/2017/07/Mathewerkstatt2-e1502191252626-200x113.jpg 200w, https://www.sick-stiftung.org/ges/wp-content/uploads/2017/07/Mathewerkstatt2-e1502191252626-400x225.jpg 400w, https://www.sick-stiftung.org/ges/wp-content/uploads/2017/07/Mathewerkstatt2-e1502191252626-600x338.jpg 600w, https://www.sick-stiftung.org/ges/wp-content/uploads/2017/07/Mathewerkstatt2-e1502191252626-768x432.jpg 768w, https://www.sick-stiftung.org/ges/wp-content/uploads/2017/07/Mathewerkstatt2-e1502191252626-800x450.jpg 800w, https://www.sick-stiftung.org/ges/wp-content/uploads/2017/07/Mathewerkstatt2-e1502191252626-1024x576.jpg 1024w, https://www.sick-stiftung.org/ges/wp-content/uploads/2017/07/Mathewerkstatt2-e1502191252626.jpg 1200w" sizes="(max-width: 400px) 100vw, 400px" /></a>
			</dt></dl><dl class='gallery-item'>
			<dt class='gallery-icon portrait'>
				<a data-rel="iLightbox[postimages]" data-title="Mathewerkstatt1" data-caption="" href='https://www.sick-stiftung.org/ges/wp-content/uploads/2017/07/Mathewerkstatt1.jpg'><img width="400" height="225" src="https://www.sick-stiftung.org/ges/wp-content/uploads/2017/07/Mathewerkstatt1-400x225.jpg" class="attachment-thumbnail size-thumbnail" alt="" /></a>
			</dt></dl><br style="clear: both" />
		</div>

<p>Im Juni 2017 wurde in Villingen in der Warenbergschule die erste von der Gisela und Erwin Sick Stiftung finanzierte Mathewerkstatt eröffnet. Mit Unterstützung der Stiftung können sich auch die Schulamtsbereiche Freiburg, Offenburg, Lörrach und Konstanz über Materialien für Mathewerkstätten freuen. In der Mathewerkstatt stecken Lernmaterialien zu verschiedenen Themen des Mathematikunterrichts aus dem Bereich der Grundschule, [&hellip;]</p>
