{"id":2131,"date":"2017-08-01T14:00:26","date_gmt":"2017-08-01T12:00:26","guid":{"rendered":"http:\/\/www.sick-stiftung.org\/?post_type=avada_portfolio&#038;p=2131"},"modified":"2023-07-04T11:13:36","modified_gmt":"2023-07-04T09:13:36","slug":"mathe-im-advent-mathematische-breitenfoerderung","status":"publish","type":"avada_portfolio","link":"https:\/\/www.sick-stiftung.org\/ges\/unsere projekte\/mathe-im-advent-mathematische-breitenfoerderung\/","title":{"rendered":"\u201eMathe im Advent\u201c \u2013 mathematische Breitenf\u00f6rderung fu\u0308r alle Schularten"},"content":{"rendered":"<p class=\"p1\"><b>Einen F\u00f6rderschwerpunkt legt die Gisela und Erwin Sick Stiftung bewusst auf die mathematische Bildung von Sch\u00fclerinnen und Sch\u00fclern. Denn die Mathematik bildet das Fundament vieler Bereiche unserer Wissensgesellschaft. F\u00fcr viele Sch\u00fclerinnen und Sch\u00fcler ist sie jedoch eine echte Herausforderung. Nicht wenige scheitern sp\u00e4ter in Ausbildung, Studium oder Beruf an den mathematischen Anforderungen, insbesondere im MINT-Bereich. Dies hat nicht nur Auswirkungen auf die individuelle Entwicklung, sondern stellt auch ein grundlegendes Problem f\u00fcr den Wirtschafts- und Technologiestandort Deutschland dar. <\/b><\/p>\n<p class=\"p1\">Um jungen Menschen einen spielerischen Zugang zum Fach zu erm\u00f6glichen und zu zeigen, dass Mathematik sowohl Spa\u00df machen als auch sinnvoll in der Lebenswelt, Wirtschaft, Technologie und Wissenschaft angewendet werden kann, hat die Deutsche Mathematiker-Vereinigung e.V. (DMV) im Jahr 2008 den Internet-Adventskalender \u201eMathe im Advent\u201c <a href=\"http:\/\/www.mathe-im-advent.de\">(http:\/\/www.mathe-im-advent.de\/)<\/a> f\u00fcr Sch\u00fclerinnen und Sch\u00fcler der Klassenstufen 2 bis 10 ins Leben gerufen. Vom 1. bis 24. Dezember k\u00f6nnen die Sch\u00fclerinnen und Sch\u00fcler jedes Jahr t\u00e4glich ein virtuelles Kalendert\u00fcrchen \u00f6ffnen und eine Aufgabe l\u00f6sen. Die Aufgaben sind keine klassischen mathematischen R\u00e4tsel, sondern f\u00fcr Teilnehmer*innen aller Niveaus geeignet. Die kleinen Geschichten rund um die beliebten <i>Mathe-Wichtel <\/i>sind h\u00e4ufig anwendungsorientiert, haben einen kulturellen oder geschichtlichen Kontext. So war das Thema f\u00fcr das Jahr 2022 &#8222;Mathe f\u00fcr Planet A \u2013 endliche Ressourcen, unendliche M\u00f6glichkeiten&#8220;. Im Januar werden dann die besten Teilnehmer*innen, Klassen und Schulen auf einer bundesweiten Preisverleihung in Berlin geehrt.<\/p>\n<p class=\"p1\">Seit der Gr\u00fcndung im Jahr der Mathematik 2008 wird \u201eMathe im Advent\u201c in Schulen, Familien und Presse immer bekannter. So lag die Teilnahmezahl im Jahr 2022 bei knapp 200.000 Teilnehmer*innen, haupts\u00e4chlich aus Deutschland. Mehr als die H\u00e4lfte von ihnen sind M\u00e4dchen. Damit ist es einer der gr\u00f6\u00dften Mathematik-Wettbewerbe in Deutschland. Seit 2016 wird er von der Mathe im Leben gemeinn\u00fctzige GmbH in Kooperation mit der DMV ausgerichtet.<\/p>\n<p class=\"p1\">Die Gisela und Erwin Sick Stiftung ist einer der Hauptf\u00f6rderer von \u201eMathe im Advent\u201c. Sie setzt sich damit f\u00fcr eine mathematische Breitenf\u00f6rderung im deutschsprachigen Raum ein und leistet einen wichtigen Beitrag zur Verbesserung der mathematischen Grundbildung sowie zur Ausbildung von MINT-Nachwuchskr\u00e4ften im mathematisch-technischen Bereich. Im Rahmen ihres Engagements werden verst\u00e4rkt regionale Schulen bei der Teilnahme am Wettbewerb unterst\u00fctzt. So nehmen 2022 11.380 Sch\u00fclerinnen und Sch\u00fcler aus dem Regierungsbezirk Freiburg am Wettbewerb teil.<\/p>\n","protected":false},"excerpt":{"rendered":"<p>Einen F\u00f6rderschwerpunkt legt die Gisela und Erwin Sick Stiftung bewusst auf die mathematische Bildung von Sch\u00fclerinnen und Sch\u00fclern. Denn die Mathematik bildet das Fundament vieler Bereiche unserer Wissensgesellschaft. F\u00fcr viele Sch\u00fclerinnen und Sch\u00fcler ist sie jedoch eine echte Herausforderung. Nicht wenige scheitern sp\u00e4ter in Ausbildung, Studium oder Beruf an den mathematischen Anforderungen, insbesondere im MINT-Bereich. [&hellip;]<\/p>\n","protected":false},"author":1,"featured_media":3672,"menu_order":0,"comment_status":"open","ping_status":"closed","template":"","format":"standard","meta":[],"portfolio_category":[33,12],"portfolio_skills":[],"portfolio_tags":[],"_links":{"self":[{"href":"https:\/\/www.sick-stiftung.org\/ges\/wp-json\/wp\/v2\/avada_portfolio\/2131"}],"collection":[{"href":"https:\/\/www.sick-stiftung.org\/ges\/wp-json\/wp\/v2\/avada_portfolio"}],"about":[{"href":"https:\/\/www.sick-stiftung.org\/ges\/wp-json\/wp\/v2\/types\/avada_portfolio"}],"author":[{"embeddable":true,"href":"https:\/\/www.sick-stiftung.org\/ges\/wp-json\/wp\/v2\/users\/1"}],"replies":[{"embeddable":true,"href":"https:\/\/www.sick-stiftung.org\/ges\/wp-json\/wp\/v2\/comments?post=2131"}],"version-history":[{"count":2,"href":"https:\/\/www.sick-stiftung.org\/ges\/wp-json\/wp\/v2\/avada_portfolio\/2131\/revisions"}],"predecessor-version":[{"id":3671,"href":"https:\/\/www.sick-stiftung.org\/ges\/wp-json\/wp\/v2\/avada_portfolio\/2131\/revisions\/3671"}],"wp:featuredmedia":[{"embeddable":true,"href":"https:\/\/www.sick-stiftung.org\/ges\/wp-json\/wp\/v2\/media\/3672"}],"wp:attachment":[{"href":"https:\/\/www.sick-stiftung.org\/ges\/wp-json\/wp\/v2\/media?parent=2131"}],"wp:term":[{"taxonomy":"portfolio_category","embeddable":true,"href":"https:\/\/www.sick-stiftung.org\/ges\/wp-json\/wp\/v2\/portfolio_category?post=2131"},{"taxonomy":"portfolio_skills","embeddable":true,"href":"https:\/\/www.sick-stiftung.org\/ges\/wp-json\/wp\/v2\/portfolio_skills?post=2131"},{"taxonomy":"portfolio_tags","embeddable":true,"href":"https:\/\/www.sick-stiftung.org\/ges\/wp-json\/wp\/v2\/portfolio_tags?post=2131"}],"curies":[{"name":"wp","href":"https:\/\/api.w.org\/{rel}","templated":true}]}}

„Mathe im Advent“ – mathematische Breitenförderung für alle Schularten

<p class="p1"><b>Einen Förderschwerpunkt legt die Gisela und Erwin Sick Stiftung bewusst auf die mathematische Bildung von Schülerinnen und Schülern. Denn die Mathematik bildet das Fundament vieler Bereiche unserer Wissensgesellschaft. Für viele Schülerinnen und Schüler ist sie jedoch eine echte Herausforderung. Nicht wenige scheitern später in Ausbildung, Studium oder Beruf an den mathematischen Anforderungen, insbesondere im MINT-Bereich. Dies hat nicht nur Auswirkungen auf die individuelle Entwicklung, sondern stellt auch ein grundlegendes Problem für den Wirtschafts- und Technologiestandort Deutschland dar. </b></p>
<p class="p1">Um jungen Menschen einen spielerischen Zugang zum Fach zu ermöglichen und zu zeigen, dass Mathematik sowohl Spaß machen als auch sinnvoll in der Lebenswelt, Wirtschaft, Technologie und Wissenschaft angewendet werden kann, hat die Deutsche Mathematiker-Vereinigung e.V. (DMV) im Jahr 2008 den Internet-Adventskalender „Mathe im Advent“ <a href="http://www.mathe-im-advent.de">(http://www.mathe-im-advent.de/)</a> für Schülerinnen und Schüler der Klassenstufen 2 bis 10 ins Leben gerufen. Vom 1. bis 24. Dezember können die Schülerinnen und Schüler jedes Jahr täglich ein virtuelles Kalendertürchen öffnen und eine Aufgabe lösen. Die Aufgaben sind keine klassischen mathematischen Rätsel, sondern für Teilnehmer*innen aller Niveaus geeignet. Die kleinen Geschichten rund um die beliebten <i>Mathe-Wichtel </i>sind häufig anwendungsorientiert, haben einen kulturellen oder geschichtlichen Kontext. So war das Thema für das Jahr 2022 &#8222;Mathe für Planet A – endliche Ressourcen, unendliche Möglichkeiten&#8220;. Im Januar werden dann die besten Teilnehmer*innen, Klassen und Schulen auf einer bundesweiten Preisverleihung in Berlin geehrt.</p>
<p class="p1">Seit der Gründung im Jahr der Mathematik 2008 wird „Mathe im Advent“ in Schulen, Familien und Presse immer bekannter. So lag die Teilnahmezahl im Jahr 2022 bei knapp 200.000 Teilnehmer*innen, hauptsächlich aus Deutschland. Mehr als die Hälfte von ihnen sind Mädchen. Damit ist es einer der größten Mathematik-Wettbewerbe in Deutschland. Seit 2016 wird er von der Mathe im Leben gemeinnützige GmbH in Kooperation mit der DMV ausgerichtet.</p>
<p class="p1">Die Gisela und Erwin Sick Stiftung ist einer der Hauptförderer von „Mathe im Advent“. Sie setzt sich damit für eine mathematische Breitenförderung im deutschsprachigen Raum ein und leistet einen wichtigen Beitrag zur Verbesserung der mathematischen Grundbildung sowie zur Ausbildung von MINT-Nachwuchskräften im mathematisch-technischen Bereich. Im Rahmen ihres Engagements werden verstärkt regionale Schulen bei der Teilnahme am Wettbewerb unterstützt. So nehmen 2022 11.380 Schülerinnen und Schüler aus dem Regierungsbezirk Freiburg am Wettbewerb teil.</p>

<p>Einen Förderschwerpunkt legt die Gisela und Erwin Sick Stiftung bewusst auf die mathematische Bildung von Schülerinnen und Schülern. Denn die Mathematik bildet das Fundament vieler Bereiche unserer Wissensgesellschaft. Für viele Schülerinnen und Schüler ist sie jedoch eine echte Herausforderung. Nicht wenige scheitern später in Ausbildung, Studium oder Beruf an den mathematischen Anforderungen, insbesondere im MINT-Bereich. [&hellip;]</p>
