{"id":2353,"date":"2017-09-13T11:01:05","date_gmt":"2017-09-13T09:01:05","guid":{"rendered":"http:\/\/www.sick-stiftung.org\/?post_type=avada_portfolio&#038;p=2353"},"modified":"2023-12-12T16:08:11","modified_gmt":"2023-12-12T15:08:11","slug":"freiburger-seminar-foerderung-junger-mint-talente-in-der-region-freiburg","status":"publish","type":"avada_portfolio","link":"https:\/\/www.sick-stiftung.org\/ges\/unsere projekte\/freiburger-seminar-foerderung-junger-mint-talente-in-der-region-freiburg\/","title":{"rendered":"&#8222;Freiburg-Seminar&#8220; &#8211; F\u00f6rderung junger MINT-Talente in der Region Freiburg"},"content":{"rendered":"<p><b class=\"p1\">Ein weiteres F\u00f6rderbeispiel im Bereich \u201eMINT\u201c ist das Freiburg-Seminar f\u00fcr Mathematik und Naturwissenschaften. Es richtet sich an besonders bef\u00e4higte und interessierte Sch\u00fclerinnen und Sch\u00fcler ab Klasse 5 aus der Region Freiburg und leistet damit einen wertvollen Beitrag zur F\u00f6rderung junger MINT-Talente.<\/b><\/p>\n<p>Kern des Angebots sind bis zu 15 Arbeitsgemeinschaften, aus denen die Schu\u0308lerinnen und Sch\u00fcler pro Schuljahr eine ausw\u00e4hlen k\u00f6nnen, die sie w\u00f6chentlich zweistu\u0308ndig besuchen. Erg\u00e4nzend k\u00f6nnen sie an hochkar\u00e4tigen Vortr\u00e4gen, Firmenexkursionen, Seminaren, Praktika und anderen Veranstaltungen teilnehmen. Derzeit nehmen rund 250 Schu\u0308lerinnen und Sch\u00fcler an den Arbeitsgemeinschaften im Freiburg-Seminar teil.<br \/>\nDas anspruchsvolle Angebot erm\u00f6glicht es begabten Schu\u0308lerinnen und Sch\u00fclern, ihrem Interesse an einem Fach oder Thema intensiv nachzugehen und ihre Kenntnisse in dem jeweiligen Bereich u\u0308ber das schulische Niveau hinaus deutlich zu vertiefen. Bei Exkursionen zu kooperierenden Firmen aus der Region erhalten sie Einblicke in Produktions- und Organisationsabl\u00e4ufe und kn\u00fcpfen erste Kontakte. Diese k\u00f6nnen bei Praktika in einzelnen Firmen weiter intensiviert werden. Daru\u0308ber hinaus erm\u00f6glicht das Freiburg-Seminar Schu\u0308lern mit ausgezeichneten schulischen Leistungen, in Zusammenarbeit mit der Universit\u00e4t Freiburg, den Besuch von regul\u00e4ren Lehrveranstaltungen an der Universit\u00e4t im Rahmen der Schu\u0308leruniversit\u00e4t Freiburg.<\/p>\n<h3>Au\u00dferschulisches Forschungszentrum<\/h3>\n<p>In Erg\u00e4nzung unterstu\u0308tzt die Gisela und Erwin Sick Stiftung auch die Einrichtung eines Au\u00dferschulischen Forschungszentrums (AFZ) des Freiburg-Seminars. Es bietet Schu\u0308lerinnen und Schu\u0308lern aller Schularten Gelegenheit, sich vertiefend mit naturwissenschaftlich-technischen Inhalten zu besch\u00e4ftigen und Begeisterung dafu\u0308r zu wecken. Dieses Angebot richtet sich an regul\u00e4re Klassen oder Gruppen, besonders begabte oder motivierte Schu\u0308lerinnen und Sch\u00fcler und m\u00f6glicherweise auch an Lehrkr\u00e4fte.<\/p>\n<h3>\u00dcber das Freiburg-Seminar<\/h3>\n<p>Das Freiburg-Seminar wurde 1990 vom damaligen Oberschulamt Freiburg eingerichtet und ist ein Bestandteil des Programms \u201eF\u00f6rderung besonders bef\u00e4higter Schu\u0308lerinnen und Schu\u0308ler\u201c, das an den weiterfu\u0308hrenden Schulen in Baden-Wu\u0308rttemberg seit Beginn des Schuljahrs 1984\/85 durchgefu\u0308hrt wird. Tr\u00e4ger des Freiburg-Seminars sind das Ministerium fu\u0308r Kultus und Sport Baden-Wu\u0308rttemberg, die Stadt Freiburg und der Landkreis Breisgau-Hochschwarzwald. Es wird zudem unterstu\u0308tzt von Institutionen aus Industrie, Handel und Wirtschaft sowie von den Hochschulen und Forschungseinrichtungen der Stadt.<\/p>\n<p>&nbsp;<\/p>\n\n\t\t<style type=\"text\/css\">\n\t\t\t#gallery-1 {\n\t\t\t\tmargin: auto;\n\t\t\t}\n\t\t\t#gallery-1 .gallery-item {\n\t\t\t\tfloat: left;\n\t\t\t\tmargin-top: 10px;\n\t\t\t\ttext-align: center;\n\t\t\t\twidth: 25%;\n\t\t\t}\n\t\t\t#gallery-1 img {\n\t\t\t\tborder: 2px solid #cfcfcf;\n\t\t\t}\n\t\t\t#gallery-1 .gallery-caption {\n\t\t\t\tmargin-left: 0;\n\t\t\t}\n\t\t\t\/* see gallery_shortcode() in wp-includes\/media.php *\/\n\t\t<\/style>\n\t\t<div id='gallery-1' class='gallery galleryid-2353 gallery-columns-4 gallery-size-thumbnail'><dl class='gallery-item'>\n\t\t\t<dt class='gallery-icon landscape'>\n\t\t\t\t<a data-rel=\"iLightbox[postimages]\" data-title=\"freiburg-seminar_003-web\" data-caption=\"\" href='https:\/\/www.sick-stiftung.org\/ges\/wp-content\/uploads\/2017\/09\/freiburg-seminar_003-web.jpg'><img width=\"400\" height=\"225\" src=\"https:\/\/www.sick-stiftung.org\/ges\/wp-content\/uploads\/2017\/09\/freiburg-seminar_003-web-400x225.jpg\" class=\"attachment-thumbnail size-thumbnail\" alt=\"\" \/><\/a>\n\t\t\t<\/dt><\/dl><dl class='gallery-item'>\n\t\t\t<dt class='gallery-icon landscape'>\n\t\t\t\t<a data-rel=\"iLightbox[postimages]\" data-title=\"freiburg-seminar_004-web\" data-caption=\"\" href='https:\/\/www.sick-stiftung.org\/ges\/wp-content\/uploads\/2017\/09\/freiburg-seminar_004-web.jpg'><img width=\"400\" height=\"225\" src=\"https:\/\/www.sick-stiftung.org\/ges\/wp-content\/uploads\/2017\/09\/freiburg-seminar_004-web-400x225.jpg\" class=\"attachment-thumbnail size-thumbnail\" alt=\"\" \/><\/a>\n\t\t\t<\/dt><\/dl><dl class='gallery-item'>\n\t\t\t<dt class='gallery-icon landscape'>\n\t\t\t\t<a data-rel=\"iLightbox[postimages]\" data-title=\"freiburg-seminar_007-web\" data-caption=\"\" href='https:\/\/www.sick-stiftung.org\/ges\/wp-content\/uploads\/2017\/09\/freiburg-seminar_007-web.jpg'><img width=\"400\" height=\"225\" src=\"https:\/\/www.sick-stiftung.org\/ges\/wp-content\/uploads\/2017\/09\/freiburg-seminar_007-web-400x225.jpg\" class=\"attachment-thumbnail size-thumbnail\" alt=\"\" \/><\/a>\n\t\t\t<\/dt><\/dl><dl class='gallery-item'>\n\t\t\t<dt class='gallery-icon landscape'>\n\t\t\t\t<a data-rel=\"iLightbox[postimages]\" data-title=\"freiburg-seminar_001-web\" data-caption=\"\" href='https:\/\/www.sick-stiftung.org\/ges\/wp-content\/uploads\/2017\/09\/freiburg-seminar_001-web.jpg'><img width=\"400\" height=\"225\" src=\"https:\/\/www.sick-stiftung.org\/ges\/wp-content\/uploads\/2017\/09\/freiburg-seminar_001-web-400x225.jpg\" class=\"attachment-thumbnail size-thumbnail\" alt=\"\" srcset=\"https:\/\/www.sick-stiftung.org\/ges\/wp-content\/uploads\/2017\/09\/freiburg-seminar_001-web-200x113.jpg 200w, https:\/\/www.sick-stiftung.org\/ges\/wp-content\/uploads\/2017\/09\/freiburg-seminar_001-web-400x225.jpg 400w, https:\/\/www.sick-stiftung.org\/ges\/wp-content\/uploads\/2017\/09\/freiburg-seminar_001-web-600x338.jpg 600w, https:\/\/www.sick-stiftung.org\/ges\/wp-content\/uploads\/2017\/09\/freiburg-seminar_001-web-768x432.jpg 768w, https:\/\/www.sick-stiftung.org\/ges\/wp-content\/uploads\/2017\/09\/freiburg-seminar_001-web-800x450.jpg 800w, https:\/\/www.sick-stiftung.org\/ges\/wp-content\/uploads\/2017\/09\/freiburg-seminar_001-web-1024x576.jpg 1024w, https:\/\/www.sick-stiftung.org\/ges\/wp-content\/uploads\/2017\/09\/freiburg-seminar_001-web.jpg 1200w\" sizes=\"(max-width: 400px) 100vw, 400px\" \/><\/a>\n\t\t\t<\/dt><\/dl><br style=\"clear: both\" \/>\n\t\t<\/div>\n\n","protected":false},"excerpt":{"rendered":"<p>Ein weiteres F\u00f6rderbeispiel im Bereich \u201eMINT\u201c ist das Freiburg-Seminar f\u00fcr Mathematik und Naturwissenschaften. Es richtet sich an besonders bef\u00e4higte und interessierte Sch\u00fclerinnen und Sch\u00fcler ab Klasse 5 aus der Region Freiburg und leistet damit einen wertvollen Beitrag zur F\u00f6rderung junger MINT-Talente. Kern des Angebots sind bis zu 15 Arbeitsgemeinschaften, aus denen die Schu\u0308lerinnen und Sch\u00fcler [&hellip;]<\/p>\n","protected":false},"author":1,"featured_media":2358,"menu_order":0,"comment_status":"open","ping_status":"closed","template":"","format":"standard","meta":[],"portfolio_category":[33,14,12],"portfolio_skills":[],"portfolio_tags":[],"_links":{"self":[{"href":"https:\/\/www.sick-stiftung.org\/ges\/wp-json\/wp\/v2\/avada_portfolio\/2353"}],"collection":[{"href":"https:\/\/www.sick-stiftung.org\/ges\/wp-json\/wp\/v2\/avada_portfolio"}],"about":[{"href":"https:\/\/www.sick-stiftung.org\/ges\/wp-json\/wp\/v2\/types\/avada_portfolio"}],"author":[{"embeddable":true,"href":"https:\/\/www.sick-stiftung.org\/ges\/wp-json\/wp\/v2\/users\/1"}],"replies":[{"embeddable":true,"href":"https:\/\/www.sick-stiftung.org\/ges\/wp-json\/wp\/v2\/comments?post=2353"}],"version-history":[{"count":1,"href":"https:\/\/www.sick-stiftung.org\/ges\/wp-json\/wp\/v2\/avada_portfolio\/2353\/revisions"}],"predecessor-version":[{"id":3712,"href":"https:\/\/www.sick-stiftung.org\/ges\/wp-json\/wp\/v2\/avada_portfolio\/2353\/revisions\/3712"}],"wp:featuredmedia":[{"embeddable":true,"href":"https:\/\/www.sick-stiftung.org\/ges\/wp-json\/wp\/v2\/media\/2358"}],"wp:attachment":[{"href":"https:\/\/www.sick-stiftung.org\/ges\/wp-json\/wp\/v2\/media?parent=2353"}],"wp:term":[{"taxonomy":"portfolio_category","embeddable":true,"href":"https:\/\/www.sick-stiftung.org\/ges\/wp-json\/wp\/v2\/portfolio_category?post=2353"},{"taxonomy":"portfolio_skills","embeddable":true,"href":"https:\/\/www.sick-stiftung.org\/ges\/wp-json\/wp\/v2\/portfolio_skills?post=2353"},{"taxonomy":"portfolio_tags","embeddable":true,"href":"https:\/\/www.sick-stiftung.org\/ges\/wp-json\/wp\/v2\/portfolio_tags?post=2353"}],"curies":[{"name":"wp","href":"https:\/\/api.w.org\/{rel}","templated":true}]}}

&#8222;Freiburg-Seminar&#8220; &#8211; Förderung junger MINT-Talente in der Region Freiburg

<p><b class="p1">Ein weiteres Förderbeispiel im Bereich „MINT“ ist das Freiburg-Seminar für Mathematik und Naturwissenschaften. Es richtet sich an besonders befähigte und interessierte Schülerinnen und Schüler ab Klasse 5 aus der Region Freiburg und leistet damit einen wertvollen Beitrag zur Förderung junger MINT-Talente.</b></p>
<p>Kern des Angebots sind bis zu 15 Arbeitsgemeinschaften, aus denen die Schülerinnen und Schüler pro Schuljahr eine auswählen können, die sie wöchentlich zweistündig besuchen. Ergänzend können sie an hochkarätigen Vorträgen, Firmenexkursionen, Seminaren, Praktika und anderen Veranstaltungen teilnehmen. Derzeit nehmen rund 250 Schülerinnen und Schüler an den Arbeitsgemeinschaften im Freiburg-Seminar teil.<br />
Das anspruchsvolle Angebot ermöglicht es begabten Schülerinnen und Schülern, ihrem Interesse an einem Fach oder Thema intensiv nachzugehen und ihre Kenntnisse in dem jeweiligen Bereich über das schulische Niveau hinaus deutlich zu vertiefen. Bei Exkursionen zu kooperierenden Firmen aus der Region erhalten sie Einblicke in Produktions- und Organisationsabläufe und knüpfen erste Kontakte. Diese können bei Praktika in einzelnen Firmen weiter intensiviert werden. Darüber hinaus ermöglicht das Freiburg-Seminar Schülern mit ausgezeichneten schulischen Leistungen, in Zusammenarbeit mit der Universität Freiburg, den Besuch von regulären Lehrveranstaltungen an der Universität im Rahmen der Schüleruniversität Freiburg.</p>
<h3>Außerschulisches Forschungszentrum</h3>
<p>In Ergänzung unterstützt die Gisela und Erwin Sick Stiftung auch die Einrichtung eines Außerschulischen Forschungszentrums (AFZ) des Freiburg-Seminars. Es bietet Schülerinnen und Schülern aller Schularten Gelegenheit, sich vertiefend mit naturwissenschaftlich-technischen Inhalten zu beschäftigen und Begeisterung dafür zu wecken. Dieses Angebot richtet sich an reguläre Klassen oder Gruppen, besonders begabte oder motivierte Schülerinnen und Schüler und möglicherweise auch an Lehrkräfte.</p>
<h3>Über das Freiburg-Seminar</h3>
<p>Das Freiburg-Seminar wurde 1990 vom damaligen Oberschulamt Freiburg eingerichtet und ist ein Bestandteil des Programms „Förderung besonders befähigter Schülerinnen und Schüler“, das an den weiterführenden Schulen in Baden-Württemberg seit Beginn des Schuljahrs 1984/85 durchgeführt wird. Träger des Freiburg-Seminars sind das Ministerium für Kultus und Sport Baden-Württemberg, die Stadt Freiburg und der Landkreis Breisgau-Hochschwarzwald. Es wird zudem unterstützt von Institutionen aus Industrie, Handel und Wirtschaft sowie von den Hochschulen und Forschungseinrichtungen der Stadt.</p>
<p>&nbsp;</p>

		<style type="text/css">
			#gallery-1 {
				margin: auto;
			}
			#gallery-1 .gallery-item {
				float: left;
				margin-top: 10px;
				text-align: center;
				width: 25%;
			}
			#gallery-1 img {
				border: 2px solid #cfcfcf;
			}
			#gallery-1 .gallery-caption {
				margin-left: 0;
			}
			/* see gallery_shortcode() in wp-includes/media.php */
		</style>
		<div id='gallery-1' class='gallery galleryid-2353 gallery-columns-4 gallery-size-thumbnail'><dl class='gallery-item'>
			<dt class='gallery-icon landscape'>
				<a data-rel="iLightbox[postimages]" data-title="freiburg-seminar_003-web" data-caption="" href='https://www.sick-stiftung.org/ges/wp-content/uploads/2017/09/freiburg-seminar_003-web.jpg'><img width="400" height="225" src="https://www.sick-stiftung.org/ges/wp-content/uploads/2017/09/freiburg-seminar_003-web-400x225.jpg" class="attachment-thumbnail size-thumbnail" alt="" /></a>
			</dt></dl><dl class='gallery-item'>
			<dt class='gallery-icon landscape'>
				<a data-rel="iLightbox[postimages]" data-title="freiburg-seminar_004-web" data-caption="" href='https://www.sick-stiftung.org/ges/wp-content/uploads/2017/09/freiburg-seminar_004-web.jpg'><img width="400" height="225" src="https://www.sick-stiftung.org/ges/wp-content/uploads/2017/09/freiburg-seminar_004-web-400x225.jpg" class="attachment-thumbnail size-thumbnail" alt="" /></a>
			</dt></dl><dl class='gallery-item'>
			<dt class='gallery-icon landscape'>
				<a data-rel="iLightbox[postimages]" data-title="freiburg-seminar_007-web" data-caption="" href='https://www.sick-stiftung.org/ges/wp-content/uploads/2017/09/freiburg-seminar_007-web.jpg'><img width="400" height="225" src="https://www.sick-stiftung.org/ges/wp-content/uploads/2017/09/freiburg-seminar_007-web-400x225.jpg" class="attachment-thumbnail size-thumbnail" alt="" /></a>
			</dt></dl><dl class='gallery-item'>
			<dt class='gallery-icon landscape'>
				<a data-rel="iLightbox[postimages]" data-title="freiburg-seminar_001-web" data-caption="" href='https://www.sick-stiftung.org/ges/wp-content/uploads/2017/09/freiburg-seminar_001-web.jpg'><img width="400" height="225" src="https://www.sick-stiftung.org/ges/wp-content/uploads/2017/09/freiburg-seminar_001-web-400x225.jpg" class="attachment-thumbnail size-thumbnail" alt="" srcset="https://www.sick-stiftung.org/ges/wp-content/uploads/2017/09/freiburg-seminar_001-web-200x113.jpg 200w, https://www.sick-stiftung.org/ges/wp-content/uploads/2017/09/freiburg-seminar_001-web-400x225.jpg 400w, https://www.sick-stiftung.org/ges/wp-content/uploads/2017/09/freiburg-seminar_001-web-600x338.jpg 600w, https://www.sick-stiftung.org/ges/wp-content/uploads/2017/09/freiburg-seminar_001-web-768x432.jpg 768w, https://www.sick-stiftung.org/ges/wp-content/uploads/2017/09/freiburg-seminar_001-web-800x450.jpg 800w, https://www.sick-stiftung.org/ges/wp-content/uploads/2017/09/freiburg-seminar_001-web-1024x576.jpg 1024w, https://www.sick-stiftung.org/ges/wp-content/uploads/2017/09/freiburg-seminar_001-web.jpg 1200w" sizes="(max-width: 400px) 100vw, 400px" /></a>
			</dt></dl><br style="clear: both" />
		</div>

<p>Ein weiteres Förderbeispiel im Bereich „MINT“ ist das Freiburg-Seminar für Mathematik und Naturwissenschaften. Es richtet sich an besonders befähigte und interessierte Schülerinnen und Schüler ab Klasse 5 aus der Region Freiburg und leistet damit einen wertvollen Beitrag zur Förderung junger MINT-Talente. Kern des Angebots sind bis zu 15 Arbeitsgemeinschaften, aus denen die Schülerinnen und Schüler [&hellip;]</p>
